 + -1)/2. Let t be 72/(-2) + (i - -3). Let d = t - -94. What is the remainder when d is divided by 16?
13
Let q(x) = 2*x - 2. Let s be 1 - (-4 + 3)*4. Let t be q(s). Let o(m) = -m**3 + 9*m**2 - 4*m - 11. What is the remainder when o(t) is divided by 11?
10
Let s be (-231)/(-15) - 2/5. Let h(y) = y**3 - 14*y**2 - 14*y - 17. Let z be h(s). Let j(x) = -6*x + 2. Calculate the remainder when j(z) is divided by 5.
4
Let u be (5 + -4)*-7 + 2/(-2). Calculate the remainder when (-4 + (-36)/u)*38 is divided by 11.
8
Suppose 146*n - 147*n + 5 = 0. Calculate the remainder when 87/6*(-1 - -3) is divided by n.
4
Let n(v) = -22*v - 116. Calculate the remainder when 25 is divided by n(-6).
9
Suppose 0 = 4*r + 12, -5*y - 3*r = -0*r - 121. Let f(w) = -w - 3. Let v be f(-6). Let x = v + y. What is the remainder when x is divided by 15?
14
Let f = 562 - 545. Suppose -2*b = 8, -2*b = 5*v - 18 - 9. What is the remainder when f is divided by v?
3
Let c = -10 - 5. Let r = c - -60. Suppose -r = 7*n - 10*n. Calculate the remainder when n is divided by 6.
3
Let l(f) = -6*f - 10. Let k(a) = -3. Let o(i) = -4*k(i) + l(i). Let b be (-1)/(-2*1/(-12)). Calculate the remainder when o(b) is divided by 10.
8
Suppose 3*w + 3*f - 459 = 0, -w + f - 3*f + 152 = 0. Calculate the remainder when w is divided by (-1)/(1/(-38)) - -1.
37
Suppose 9*u - 319 = 1553. Let p = -137 + u. What is the remainder when p is divided by 26?
19
Suppose 5*n - 132 - 153 = -5*j, 2*n + 4*j = 116. Calculate the remainder when n is divided by (-42)/(-35) + (-198)/(-10).
14
What is the remainder when 173 is divided by ((-3)/(-6))/(7/(-70)) + 34?
28
What is the remainder when 33 - ((-50)/15 + 4/3) is divided by 12?
11
Suppose -207 = 12*l - 543. Calculate the remainder when l is divided by 6.
4
Let a(k) = -7*k**2 + 18*k + 56. Let d(n) = 15*n**2 - 37*n - 113. Let s(m) = 13*a(m) + 6*d(m). What is the remainder when 34 is divided by s(14)?
12
Suppose -1 + 96 = c. What is the remainder when (-6)/(1 - c/85) is divided by 13?
12
Suppose -19 = -i - 10. Suppose 0*m + 2*p = -2*m + 16, 2*p = 4. What is the remainder when i is divided by m?
3
Suppose 0 = 3*z - 10 - 107. Suppose 0 = -z*q + 34*q + 175. What is the remainder when 68 is divided by q?
33
Let j(t) = t**3 + 6*t**2 - 7*t + 8. What is the remainder when 4 + 16 - 2/(-1) is divided by j(-7)?
6
Let g(p) = 2*p**2 - 17*p - 3. Let v be g(-6). Suppose 6*z - 9*z = -v. Calculate the remainder when z is divided by 12.
9
Suppose -y + 7 = 2. Suppose y*d - 26 = 2*f, -f - 28 = -4*d - d. Calculate the remainder when 1 + 0 + -5 + d is divided by 1.
0
Let q(y) = 48*y - 66. What is the remainder when q(7) is divided by 34?
32
Let g = 27 - 25. Suppose -p - g*p = -15. Suppose -2*t = -5*c - 72, -3*c + 138 + 104 = p*t. What is the remainder when t is divided by 25?
21
Let c(o) = o**3 - o**2 + 2*o - 2. Let h = 57 + -53. Suppose 37 = h*x - 11. What is the remainder when c(3) is divided by x?
10
Suppose -4*b + 77 = s, -3*s + 5*b = -6*s + 231. Calculate the remainder when s is divided by 43.
34
Let r = 539 + -440. What is the remainder when r is divided by 28?
15
Let s(d) = 20*d**2 + 8*d + 13. What is the remainder when s(-2) is divided by 62?
15
Let f(h) = -h**3 - h**2 - 23*h + 18. What is the remainder when (2 + -10)*3*-2 is divided by f(0)?
12
Suppose -20 = -6*g - 2. Suppose 43 - 100 = -g*j. Calculate the remainder when j is divided by 10.
9
Let h = -1 + 1. Let p be 3 - (-4 - (2 + 89)). Suppose 4*w - p = -2*o, h = 2*o - 4 - 6. Calculate the remainder when w is divided by 6.
4
Let h(d) = 63*d - 1. Suppose -8*t = -195 + 19. What is the remainder when h(1) is divided by t?
18
Let c be (-1)/(4/(-32)*-4). Let g(l) = l**3 + 4*l**2 - 3*l - 3. Calculate the remainder when (2*34/(-10))/(c/10) is divided by g(-4).
7
Calculate the remainder when 168 is divided by (344/(-24)*-6)/2.
39
Suppose s + 59 = 2*k, 0*k + 123 = 4*k - 3*s. Suppose -2*h + 47 - k = 0. What is the remainder when 19 is divided by h?
9
Let b(f) = -f**2 + 8*f - 2. Let w be b(7). Suppose w*c = c + 48. Calculate the remainder when 45 is divided by c.
9
Suppose 58 = -12*n + 214. Calculate the remainder when 193 is divided by n.
11
Let i(z) = 204*z - 125. What is the remainder when 470 is divided by i(1)?
75
Suppose -s - 20 = 2*d - 199, s - 1 = 0. Let f = d - 62. Calculate the remainder when 45 is divided by f.
18
Let c(w) be the third derivative of w**4/24 + w**3/3 + w**2. Let n(q) = -q - 8. Let v be n(-13). What is the remainder when c(v) is divided by 5?
2
Suppose 31 = 2*l - v, 9*v + 64 = 3*l + 4*v. Calculate the remainder when 28 is divided by l.
2
Suppose 4*h - 106 = 3*h. Suppose -o - 4 = 0, 4*p - 232 = 6*o - 2*o. Suppose 15*r - 13*r = p. What is the remainder when h is divided by r?
25
Suppose -2*w + 94 = 4*j, 0 = 5*j + w + 3*w - 116. Let u = 0 - -9. Calculate the remainder when j is divided by u.
6
What is the remainder when (-11967)/(-24) + 6/16 - 1 is divided by 50?
48
Suppose -2*j - 87 = -325. Calculate the remainder when (j - (-8)/(-2)) + 2 is divided by 40.
37
Suppose 30 = 4*k - 86. What is the remainder when k is divided by -2 - (5 + -20 + (-3 - -6))?
9
Suppose -g + 120 = 4*r - 2*g, -3*g - 60 = -2*r. Suppose -3*c + 7 + 5 = 0. Calculate the remainder when r is divided by (c/8)/((-3)/(-96)).
14
Suppose 4*w - 2*s - 194 = 0, 88 = w + 4*s + 17. Calculate the remainder when w is divided by 14.
9
Suppose 0 = 2*a + 7 + 3. Let x = a + 5. Suppose 6*l = 5*z + 2*l - 17, 4*z + 4*l + 8 = x. What is the remainder when 2 is divided by z?
0
Let y = 105 - 105. What is the remainder when 3 + -5 + y - -34 is divided by 17?
15
Let n = 136 - 118. Suppose 2*y - 4*p = 26, 0 = -0*y + 2*y + 2*p - 8. Calculate the remainder when n is divided by y.
4
Suppose 22*s - 526 = -130. What is the remainder when 628 is divided by s?
16
Suppose 0 = 6*a - 792 + 474. Calculate the remainder when a is divided by 9.
8
Let b = 3 - 9. Let q = b - -11. Suppose 5*h - 17 = 5*g + 13, 0 = 2*h - 4*g - 6. What is the remainder when h is divided by q?
4
Let o(j) = 63*j - 1804. Calculate the remainder when (-2)/4 - 167/(-2) is divided by o(29).
14
Let a(z) = -10*z + 120. Calculate the remainder when a(-16) is divided by 100.
80
Let x(z) = -z - 3. Let n be x(6). Let v = n + 24. Suppose 5*d - 248 = -5*p + 42, 5*p - d = 296. Calculate the remainder when p is divided by v.
14
Let p(r) = 8*r**2 + 6*r + 6. What is the remainder when 29 is divided by p(-1)?
5
Let i(f) = -45*f - 393. Let n = -35 + 93. What is the remainder when n is divided by i(-9)?
10
Suppose -4*s - 3*d + 59 = -18, 4*d = 5*s - 135. What is the remainder when 114 is divided by s?
22
Suppose -67*h + 63*h = -20. Suppose 77 = r - h*j, 0*r - 4*j = -3*r + 176. Calculate the remainder when 101 is divided by r.
49
Let n be 32/1 - (-3 + 3). Suppose -f = 2*f - 4*d - n, 48 = 4*f - 4*d. Let l = 147 - 84. What is the remainder when l is divided by f?
15
Suppose -516 = 13*y - 17*y. What is the remainder when y is divided by 44?
41
Suppose 3*w = -5*m + 19, -m - 21 = -6*m - 2*w. Let c = 182 + -518. What is the remainder when (1/3)/((-8)/c) is divided by m?
4
What is the remainder when 18 is divided by 10 - 30/(55/11)?
2
Suppose 4*g + 0*g + 20 = 0, 2*q = g + 15. What is the remainder when 77 is divided by q?
2
Let l = -12 + 8. What is the remainder when 78 is divided by 30 + 6*2/l?
24
Let k be (0 - -1) + 0 + 1. What is the remainder when k*(-2)/4 + 67 is divided by 5 - (1 + (0 - 13))?
15
Let d = -9 + -9. Let p = -7 - d. Calculate the remainder when 41 is divided by p.
8
Suppose 3*b + 4 = 5*b + 4*p, 1 = 2*b + 5*p. What is the remainder when 103 is divided by b?
7
Suppose 4*n + 25 - 128 = -3*t, 0 = -3*n - 2*t + 76. Let x be 676/(-10) + 6/(-15). Let b = x + 155. Calculate the remainder when b is divided by n.
21
Suppose 225 = 2*z + 3*z. Let t(q) = -q + 69. Let w be t(0). Let r = w + -46. What is the remainder when z is divided by r?
22
Suppose -3*y = -y + 2. Let d be ((-12)/8)/y*2. Suppose -2*o - 124 = -d*q, -4*q + 191 = -o + 34. Calculate the remainder when q is divided by 10.
8
Suppose 2*t - 2*l - 47 = -t, 3*t - 40 = -5*l. What is the remainder when 3/(-6) + 715/10 is divided by t?
11
Let f = -1031 + 1060. Calculate the remainder when 63 is divided by f.
5
Suppose -3 = -7*t + 6*t. Suppose -5*c - 40 = -2*g, -5*c + 15 = -t*g + 7